e factors of 89640.
2, 3, 5, 83
List the prime factors of 6518801.
6518801
List the prime factors of 620755.
5, 17, 67, 109
List the prime factors of 1455855.
3, 5, 71, 1367
What are the prime factors of 215991?
3, 103, 233
List the prime factors of 246205.
5, 41, 1201
List the prime factors of 18693016.
2, 401, 5827
What are the prime factors of 1353098?
2, 17, 2341
List the prime factors of 2452184.
2, 7, 43789
What are the prime factors of 6150052?
2, 1537513
List the prime factors of 993616.
2, 13, 17, 281
List the prime factors of 6169879.
97, 63607
List the prime factors of 1193122.
2, 7, 85223
What are the prime factors of 13321587?
3, 4440529
What are the prime factors of 1797669?
3, 199741
List the prime factors of 1188750.
2, 3, 5, 317
List the prime factors of 417795.
3, 5, 7, 23, 173
List the prime factors of 20015.
5, 4003
What are the prime factors of 196835?
5, 39367
List the prime factors of 2044364.
2, 7, 73013
List the prime factors of 1197727.
37, 32371
List the prime factors of 2774091.
3, 924697
What are the prime factors of 8036072?
2, 11, 53, 1723
What are the prime factors of 2229957?
3, 82591
What are the prime factors of 578557?
7, 82651
What are the prime factors of 1525619?
367, 4157
What are the prime factors of 732452?
2, 7, 37, 101
List the prime factors of 23348176.
2, 1459261
What are the prime factors of 301639?
13, 23203
List the prime factors of 599572.
2, 149893
What are the prime factors of 619511?
619511
List the prime factors of 16321097.
13, 31, 40499
List the prime factors of 2191632.
2, 3, 45659
What are the prime factors of 849535?
5, 131, 1297
List the prime factors of 8065602.
2, 3, 41, 3643
List the prime factors of 28249187.
28249187
What are the prime factors of 3171884?
2, 23, 1499
List the prime factors of 21366651.
3, 101, 151, 467
List the prime factors of 590269.
590269
What are the prime factors of 12615736?
2, 7, 32183
List the prime factors of 13269506.
2, 1621, 4093
List the prime factors of 294813.
3, 61, 179
What are the prime factors of 11247214?
2, 11, 511237
List the prime factors of 24649798.
2, 12324899
What are the prime factors of 3013078?
2, 149, 10111
What are the prime factors of 27675485?
5, 5535097
What are the prime factors of 74112?
2, 3, 193
List the prime factors of 7770505.
5, 1554101
List the prime factors of 3801836.
2, 950459
List the prime factors of 4132310.
2, 5, 7, 13, 19, 239
What are the prime factors of 316640?
2, 5, 1979
List the prime factors of 24748112.
2, 1546757
What are the prime factors of 1132235?
5, 13, 17419
What are the prime factors of 1869560?
2, 5, 7, 11, 607
What are the prime factors of 5395866?
2, 3, 7, 128473
What are the prime factors of 7742592?
2, 3, 11, 13, 47
What are the prime factors of 861614?
2, 13, 31, 1069
What are the prime factors of 11456346?
2, 3, 11, 23, 7547
List the prime factors of 1298399.
139, 9341
What are the prime factors of 336450?
2, 3, 5, 2243
What are the prime factors of 5933684?
2, 41, 97, 373
What are the prime factors of 412042?
2, 206021
List the prime factors of 11089838.
2, 47, 117977
List the prime factors of 348659.
151, 2309
What are the prime factors of 694140?
2, 3, 5, 23, 503
What are the prime factors of 334505?
5, 149, 449
What are the prime factors of 4809571?
13, 149, 191
List the prime factors of 175214.
2, 13, 23, 293
What are the prime factors of 42089?
42089
List the prime factors of 324439.
324439
What are the prime factors of 2761593?
3, 19, 48449
List the prime factors of 2665289.
11, 101, 2399
What are the prime factors of 36087108?
2, 3, 173, 17383
List the prime factors of 1055209.
31, 34039
What are the prime factors of 268650?
2, 3, 5, 199
What are the prime factors of 5707853?
5707853
List the prime factors of 262133.
262133
What are the prime factors of 168164?
2, 17, 2473
List the prime factors of 484156.
2, 121039
What are the prime factors of 8287423?
647, 12809
List the prime factors of 16466144.
2, 239, 2153
List the prime factors of 316322.
2, 158161
What are the prime factors of 516041?
491, 1051
List the prime factors of 899265.
3, 5, 59951
What are the prime factors of 4254043?
19, 181, 1237
What are the prime factors of 945241?
11, 85931
What are the prime factors of 249667?
11, 22697
What are the prime factors of 2377409?
991, 2399
List the prime factors of 587486.
2, 17, 37, 467
What are the prime factors of 29767666?
2, 14883833
List the prime factors of 42845.
5, 11, 19, 41
List the prime factors of 3560104.
2, 107, 4159
What are the prime factors of 21657461?
7, 29, 15241
What are the prime factors of 10580577?
3, 7, 269, 1873
List the prime factors of 2102546.
2, 73, 14401
What are the prime factors of 1774912?
2, 27733
List the prime factors of 1972244.
2, 103, 4787
What are the prime factors of 6446151?
3, 109, 6571
What are the prime factors of 365606?
2, 182803
What are the prime factors of 16669999?
16669999
What are the prime factors of 9292843?
7, 19, 107, 653
List the prime factors of 653943.
3, 217981
List the prime factors of 1264401.
3, 37, 3797
What are the prime factors of 741954?
2, 3, 31, 3989
What are the prime factors of 142308?
2, 3, 59, 67
What are the prime factors of 1094235?
3, 5, 72949
What are the prime factors of 1121872?
2, 70117
List the prime factors of 182788.
2, 45697
What are the prime factors of 241896?
2, 3, 10079
What are the prime factors of 2872808?
2, 359101
What are the prime factors of 330375?
3, 5, 881
List the prime factors of 7915713.
3, 13, 202967
What are the prime factors of 2470897?
11, 13, 37, 467
List the prime factors of 519950.
2, 5, 10399
List the prime factors of 14717904.
2, 3, 59, 5197
What are the prime factors of 17285085?
3, 5, 384113
List the prime factors of 23001881.
7, 3285983
List the prime factors of 3285309.
3, 19, 57637
What are the prime factors of 102398?
2, 51199
List the prime factors of 318673.
43, 7411
List the prime factors of 1864691.
1864691
What are the prime factors of 1892474?
2, 17, 55661
List the prime factors of 1617033.
3, 11, 19, 2579
List the prime factors of 676799.
19, 179, 199
List the prime factors of 177999.
3, 59333
List the prime factors of 7304989.
7304989
What are the prime factors of 77621?
77621
List the prime factors of 10496556.
2, 3, 7, 23, 1811
List the prime factors of 11190464.
2, 174851
List the prime factors of 8758490.
2, 5, 13, 89, 757
What are the prime factors of 35028?
2, 3, 7, 139
What are the prime factors of 9783284?
2, 7, 349403
List the prime factors of 1378379.
41, 33619
List the prime factors of 28032324.
2, 3, 2336027
What are the prime factors of 2266633?
2266633
What are the prime factors of 1285231?
1285231
What are the prime factors of 7042257?
3, 782473
What are the prime factors of 196547?
13, 1163
List the prime factors of 2168903.
11, 37, 73
What are the prime factors of 243575?
5, 9743
List the prime factors of 15020255.
5, 3004051
What are the prime factors of 118000?
2, 5, 59
What are the prime factors of 7004528?
2, 43, 10181
List the prime factors of 1003215.
3, 5, 47, 1423
What are the prime factors of 280374?
2, 3, 83, 563
What are the prime factors of 3867344?
2, 13, 18593
List the prime factors of 15860454.
2, 3, 113, 149, 157
List the prime factors of 2321496.
2, 3, 19, 1697
List the prime factors of 651232.
2, 47, 433
What are the prime factors of 4539168?
2, 3, 15761
What are the prime factors of 4227242?
2, 163, 12967
List the prime factors of 345318.
2, 3, 67, 859
What are the prime factors of 549888?
2, 3, 179
List the prime factors of 2932875.
3, 5, 11, 79
What are the prime factors of 281926?
2, 73, 1931
What are the prime factors of 966619?
966619
What are the prime factors of 130560?
2, 3, 5, 17
What are the prime factors of 178838?
2, 11, 739
List the prime factors of 19606906.
2, 11, 891223
What are the prime factors of 257215?
5, 7, 7349
List the prime factors of 2808202.
2, 863, 1627
What are the prime factors of 5527123?
7, 789589
List the prime factors of 808589.
808589
What are the prime factors of 189313?
23, 8231
List the prime factors of 237596.
2, 59399
What are the prime factors of 247772?
2, 7, 8849
What are the prime factors of 7955248?
2, 7, 73, 139
What are the prime factors of 15167605?
5, 19, 43, 47, 79
